{"id":1469,"date":"2016-11-10T14:55:15","date_gmt":"2016-11-10T13:55:15","guid":{"rendered":"http:\/\/www.nitsche-farben.de\/web\/?page_id=1469"},"modified":"2020-07-15T16:16:31","modified_gmt":"2020-07-15T14:16:31","slug":"mwm-wandsysteme-hightech-fuer-ihre-wand-sanierung-verschoenerung","status":"publish","type":"page","link":"https:\/\/www.nitsche-farben.de\/web\/mwm-wandsysteme-hightech-fuer-ihre-wand-sanierung-verschoenerung\/","title":{"rendered":"MWM Wandsysteme: HIGHTECH f\u00fcr Ihre Wand &#8211; Sanierung &#8211; Versch\u00f6nerung"},"content":{"rendered":"<section class=\"no-margin  \" style=\"background-position: 50% 50%; \" ><div class=\"container\"><div class=\"section-overlay\" style=\"background-color: rgba( 0, 0, 0,  );  background-image: url(  );\"><\/div><div class=\"row\" style=\"\">[vc_column][vc_column_text]<\/p>\n<h3>CS-TEC-System<\/h3>\n<h4>ClassicStone Echtsteinfurniersystem<\/h4>\n<p>[\/vc_column_text][\/vc_column]<\/div><\/div><\/section><section class=\"no-margin  \" style=\"background-position: 50% 50%; \" ><div class=\"container\"><div class=\"section-overlay\" style=\"background-color: rgba( 0, 0, 0,  );  background-image: url(  );\"><\/div><div class=\"row\" style=\"\">[vc_column width=&#8220;2\/3&#8243;][vc_column_text]<em>Hightechmaterial f\u00fcr jede Anwendung Innen und Au\u00dfen<\/em><\/p>\n<p>Unser ClassicStone Echtsteinfurniersystem bietet Ihnen vollkommen neue M\u00f6glichkeiten bei der Gestaltung, Renovierung und Versch\u00f6nerung Ihre Wandfl\u00e4chen. Die Einsatzgebiete des ClassicStone Echtsteinfurniersystems sind z.B. Wandfl\u00e4chen im Wohn-, Bad- und Sanit\u00e4rbereich, als M\u00f6beldekor, bei der Raumgestaltung mit Licht, als Au\u00dfenfassade, als T\u00fcrdekore, als Fu\u00dfbodenbelag, als Deckenverkleidung.<\/p>\n<p><em>Messen-Schneiden-Kleben-Sch\u00fctzen-Pflegen &#8211; das MWM System<\/em>[\/vc_column_text][\/vc_column][vc_column width=&#8220;1\/3&#8243;][vc_images_carousel images=&#8220;1471,1472,1473,1474,1475,1476,1470&#8243; img_size=&#8220;250&#215;220&#8243; autoplay=&#8220;yes&#8220; hide_pagination_control=&#8220;yes&#8220; wrap=&#8220;yes&#8220;][\/vc_column]<\/div><\/div><\/section><section class=\"no-margin  \" style=\"background-position: 50% 50%; \" ><div class=\"container\"><div class=\"section-overlay\" style=\"background-color: rgba( 0, 0, 0,  );  background-image: url(  );\"><\/div><div class=\"row\" style=\"\">[vc_column][vc_column_text]<\/p>\n<hr \/>\n<p>[\/vc_column_text][vc_column_text]<\/p>\n<h3>VS-TEC-System<\/h3>\n<h4>VlexStone Echtsteinfurniersystem<\/h4>\n<p>[\/vc_column_text][\/vc_column]<\/div><\/div><\/section><section class=\"no-margin  \" style=\"background-position: 50% 50%; \" ><div class=\"container\"><div class=\"section-overlay\" style=\"background-color: rgba( 0, 0, 0,  );  background-image: url(  );\"><\/div><div class=\"row\" style=\"\">[vc_column width=&#8220;1\/3&#8243;][vc_images_carousel images=&#8220;1482,1481,1480,1479&#8243; img_size=&#8220;250&#215;220&#8243; autoplay=&#8220;yes&#8220; hide_pagination_control=&#8220;yes&#8220; wrap=&#8220;yes&#8220;][\/vc_column][vc_column width=&#8220;2\/3&#8243;][vc_column_text]<em>Hightechmaterial f\u00fcr Ihre flexible Anwendung Innen<\/em><\/p>\n<p>Unser VlexStone Echtsteinfurniersystem bietet Ihnen vollkommen neue M\u00f6glichkeiten bei der Gestaltung, Renovierung und Versch\u00f6nerung von S\u00e4ulen, Fensterb\u00e4nken und anderen Oberfl\u00e4chen, wo es Flexibilit\u00e4t und Biegsamkeit ankommt. Die Einsatzgebiete des VlexStone Echtsteinfurniersystems sind z.B. glatte, ebene sowie radial verlaufende Wandfl\u00e4chen im Wohnbereich, als M\u00f6beldekor, als T\u00fcrdekore, als Deckenverkleidung.<\/p>\n<p><em>Messen-Schneiden-Kleben-Sch\u00fctzen-Pflegen &#8211; das MWM System<\/em>[\/vc_column_text][\/vc_column]<\/div><\/div><\/section><section class=\"no-margin  \" style=\"background-position: 50% 50%; \" ><div class=\"container\"><div class=\"section-overlay\" style=\"background-color: rgba( 0, 0, 0,  );  background-image: url(  );\"><\/div><div class=\"row\" style=\"\">[vc_column][vc_column_text]<\/p>\n<hr \/>\n<p>[\/vc_column_text][vc_column_text]<\/p>\n<h3>LS-TEC-System<\/h3>\n<h4>LightStone Echtsteinfurniersystem<\/h4>\n<p>[\/vc_column_text][\/vc_column]<\/div><\/div><\/section><section class=\"no-margin  \" style=\"background-position: 50% 50%; \" ><div class=\"container\"><div class=\"section-overlay\" style=\"background-color: rgba( 0, 0, 0,  );  background-image: url(  );\"><\/div><div class=\"row\" style=\"\">[vc_column width=&#8220;2\/3&#8243;][vc_column_text]<em>Hightechmaterial f\u00fcr jede Anwendung Innen und Au\u00dfen<\/em><\/p>\n<p>Unser LightStone Echtsteinfurniersystem bietet Ihnen vollkommen neue M\u00f6glichkeiten bei der Gestaltung, Renovierung und Versch\u00f6nerung Ihre Wandfl\u00e4chen. Die Einsatzgebiete des LightStone Echtsteinfurniersystems sind z.B. I-Catcher-Fl\u00e4chen an der Wand, im Empfangsbereich von Hotel, Restaurant, Ladenlokal und Praxis. In M\u00f6beln, wie K\u00fcchenschr\u00e4nken, Theken, Tischen, Schr\u00e4nken und vieles mehr. Bei der Raumgestaltung mit Licht, als hinterleuchtete Au\u00dfenfassade, als durchleuchtbare T\u00fcrf\u00fcllung.<\/p>\n<p><em>Messen-Schneiden-Kleben-Sch\u00fctzen-Pflegen &#8211; das MWM System<\/em>[\/vc_column_text][vc_column_text]<\/p>\n<hr \/>\n<p>[\/vc_column_text][\/vc_column][vc_column width=&#8220;1\/3&#8243;][vc_images_carousel images=&#8220;1478,1477&#8243; img_size=&#8220;250&#215;220&#8243; autoplay=&#8220;yes&#8220; hide_pagination_control=&#8220;yes&#8220; wrap=&#8220;yes&#8220;][\/vc_column]<\/div><\/div><\/section><section class=\"no-margin  \" style=\"background-position: 50% 50%; \" ><div class=\"container\"><div class=\"section-overlay\" style=\"background-color: rgba( 0, 0, 0,  );  background-image: url(  );\"><\/div><div class=\"row\" style=\"\">[vc_column][vc_column_text]<\/p>\n<h3>Sandstone-TEC-System<\/h3>\n<h4>SandStone Echtsteinfurniersystem<\/h4>\n<p>[\/vc_column_text][\/vc_column]<\/div><\/div><\/section><section class=\"no-margin  \" style=\"background-position: 50% 50%; \" ><div class=\"container\"><div class=\"section-overlay\" style=\"background-color: rgba( 0, 0, 0,  );  background-image: url(  );\"><\/div><div class=\"row\" style=\"\">[vc_column][vc_column_text]<em>Hightechmaterial f\u00fcr Ihre flexible Anwendung Innen<\/em><\/p>\n<p>Unser Echtstein Dekor SandStone ist ein Steinfurnier mit einer echten Sandsteinoberfl\u00e4che, und erweitert unser Produktpalette um f\u00fcnf aufregend brilliante Natursteinoberfl\u00e4chen, die der Haptik und Optik eines massiven Sandsteinblocks entsprechen. Dieses klassische Sedimentgestein mit hohem Quarzanteil schimmert st\u00e4rker als Granit, und hat wundersch\u00f6ne, nat\u00fcrlich echte Farbgebungen. Jede einzelne Sandsteinplatte ist, wie auch bei unseren anderen Dekoren, ein echtes Unikat.[\/vc_column_text][vc_column_text]<\/p>\n<hr \/>\n<p>[\/vc_column_text][\/vc_column]<\/div><\/div><\/section><section class=\"no-margin  \" style=\"background-position: 50% 50%; \" ><div class=\"container\"><div class=\"section-overlay\" style=\"background-color: rgba( 0, 0, 0,  );  background-image: url(  );\"><\/div><div class=\"row\" style=\"\">[vc_column][vc_column_text]Weitere Informationen zu den Echtsteinfurnieren erhalten Sie auch bei unserem Vertriebspartner MWM Design unter <a href=\"http:\/\/design-mwm.de\/echtstein-duennschiefer\/\" target=\"_blank\">http:\/\/design-mwm.de\/echtstein-duennschiefer\/<\/a>.[\/vc_column_text][\/vc_column]<\/div><\/div><\/section>\n","protected":false},"excerpt":{"rendered":"[vc_column][vc_column_text] CS-TEC-System ClassicStone Echtsteinfurniersystem [\/vc_column_text][\/vc_column][vc_column width=\"2\/3\"][vc_column_text]Hightechmaterial f\u00fcr jede Anwendung Innen und Au\u00dfen Unser ClassicStone Echtsteinfurniersystem bietet Ihnen vollkommen neue M\u00f6glichkeiten bei der Gestaltung, Renovierung und Versch\u00f6nerung Ihre Wandfl\u00e4chen. Die Einsatzgebiete des ClassicStone Echtsteinfurniersystems sind z.B. Wandfl\u00e4chen im Wohn-, Bad- und Sanit\u00e4rbereich, als M\u00f6beldekor, bei der Raumgestaltung mit Licht, als Au\u00dfenfassade, als T\u00fcrdekore, als Fu\u00dfbodenbelag, als [...]","protected":false},"author":1,"featured_media":0,"parent":0,"menu_order":0,"comment_status":"closed","ping_status":"closed","template":"","meta":[],"yoast_head":"<!-- This site is optimized with the Yoast SEO plugin v19.14 - https:\/\/yoast.com\/wordpress\/plugins\/seo\/ -->\n<title>MWM Wandsysteme: HIGHTECH f\u00fcr Ihre Wand - Sanierung - Versch\u00f6nerung &ndash; Nitsche Farben<\/title>\n<meta name=\"description\" content=\"Die Nitsche Farben GmbH ist ein Gro\u00dfhandelshaus f\u00fcr Farben, Lacke, Bodenbeschichtungen, Grundierungen, Spachtelmassen, Kleber, Bodenbel\u00e4ge und vieles mehr. Wie bieten Kataloge, Magazine und Downloads auf unserer Internetseite an. Informieren Sie sich \u00fcber unser Sortiment und Karriere-Chancen.\" \/>\n<meta name=\"robots\" content=\"index, follow, max-snippet:-1, max-image-preview:large, max-video-preview:-1\" \/>\n<link rel=\"canonical\" href=\"https:\/\/www.nitsche-farben.de\/web\/mwm-wandsysteme-hightech-fuer-ihre-wand-sanierung-verschoenerung\/\" \/>\n<meta property=\"og:locale\" content=\"de_DE\" \/>\n<meta property=\"og:type\" content=\"article\" \/>\n<meta property=\"og:title\" content=\"MWM Wandsysteme: HIGHTECH f\u00fcr Ihre Wand - Sanierung - Versch\u00f6nerung &ndash; Nitsche Farben\" \/>\n<meta property=\"og:description\" content=\"Die Nitsche Farben GmbH ist ein Gro\u00dfhandelshaus f\u00fcr Farben, Lacke, Bodenbeschichtungen, Grundierungen, Spachtelmassen, Kleber, Bodenbel\u00e4ge und vieles mehr. Wie bieten Kataloge, Magazine und Downloads auf unserer Internetseite an. Informieren Sie sich \u00fcber unser Sortiment und Karriere-Chancen.\" \/>\n<meta property=\"og:url\" content=\"https:\/\/www.nitsche-farben.de\/web\/mwm-wandsysteme-hightech-fuer-ihre-wand-sanierung-verschoenerung\/\" \/>\n<meta property=\"og:site_name\" content=\"Nitsche Farben\" \/>\n<meta property=\"article:modified_time\" content=\"2020-07-15T14:16:31+00:00\" \/>\n<meta name=\"twitter:card\" content=\"summary_large_image\" \/>\n<meta name=\"twitter:label1\" content=\"Gesch\u00e4tzte Lesezeit\" \/>\n\t<meta name=\"twitter:data1\" content=\"3\u00a0Minuten\" \/>\n<script type=\"application\/ld+json\" class=\"yoast-schema-graph\">{\"@context\":\"https:\/\/schema.org\",\"@graph\":[{\"@type\":\"WebPage\",\"@id\":\"https:\/\/www.nitsche-farben.de\/web\/mwm-wandsysteme-hightech-fuer-ihre-wand-sanierung-verschoenerung\/\",\"url\":\"https:\/\/www.nitsche-farben.de\/web\/mwm-wandsysteme-hightech-fuer-ihre-wand-sanierung-verschoenerung\/\",\"name\":\"MWM Wandsysteme: HIGHTECH f\u00fcr Ihre Wand - Sanierung - Versch\u00f6nerung &ndash; Nitsche Farben\",\"isPartOf\":{\"@id\":\"https:\/\/www.nitsche-farben.de\/web\/#website\"},\"datePublished\":\"2016-11-10T13:55:15+00:00\",\"dateModified\":\"2020-07-15T14:16:31+00:00\",\"description\":\"Die Nitsche Farben GmbH ist ein Gro\u00dfhandelshaus f\u00fcr Farben, Lacke, Bodenbeschichtungen, Grundierungen, Spachtelmassen, Kleber, Bodenbel\u00e4ge und vieles mehr. Wie bieten Kataloge, Magazine und Downloads auf unserer Internetseite an. Informieren Sie sich \u00fcber unser Sortiment und Karriere-Chancen.\",\"breadcrumb\":{\"@id\":\"https:\/\/www.nitsche-farben.de\/web\/mwm-wandsysteme-hightech-fuer-ihre-wand-sanierung-verschoenerung\/#breadcrumb\"},\"inLanguage\":\"de\",\"potentialAction\":[{\"@type\":\"ReadAction\",\"target\":[\"https:\/\/www.nitsche-farben.de\/web\/mwm-wandsysteme-hightech-fuer-ihre-wand-sanierung-verschoenerung\/\"]}]},{\"@type\":\"BreadcrumbList\",\"@id\":\"https:\/\/www.nitsche-farben.de\/web\/mwm-wandsysteme-hightech-fuer-ihre-wand-sanierung-verschoenerung\/#breadcrumb\",\"itemListElement\":[{\"@type\":\"ListItem\",\"position\":1,\"name\":\"Home\",\"item\":\"https:\/\/www.nitsche-farben.de\/web\/\"},{\"@type\":\"ListItem\",\"position\":2,\"name\":\"MWM Wandsysteme: HIGHTECH f\u00fcr Ihre Wand &#8211; Sanierung &#8211; Versch\u00f6nerung\"}]},{\"@type\":\"WebSite\",\"@id\":\"https:\/\/www.nitsche-farben.de\/web\/#website\",\"url\":\"https:\/\/www.nitsche-farben.de\/web\/\",\"name\":\"Nitsche Farben\",\"description\":\"Herzlich willkommen\",\"publisher\":{\"@id\":\"https:\/\/www.nitsche-farben.de\/web\/#organization\"},\"potentialAction\":[{\"@type\":\"SearchAction\",\"target\":{\"@type\":\"EntryPoint\",\"urlTemplate\":\"https:\/\/www.nitsche-farben.de\/web\/?s={search_term_string}\"},\"query-input\":\"required name=search_term_string\"}],\"inLanguage\":\"de\"},{\"@type\":\"Organization\",\"@id\":\"https:\/\/www.nitsche-farben.de\/web\/#organization\",\"name\":\"Nitsche Farben GmbH & Co. KG\",\"url\":\"https:\/\/www.nitsche-farben.de\/web\/\",\"logo\":{\"@type\":\"ImageObject\",\"inLanguage\":\"de\",\"@id\":\"https:\/\/www.nitsche-farben.de\/web\/#\/schema\/logo\/image\/\",\"url\":\"https:\/\/www.nitsche-farben.de\/web\/wp-content\/uploads\/2015\/12\/logo2.png\",\"contentUrl\":\"https:\/\/www.nitsche-farben.de\/web\/wp-content\/uploads\/2015\/12\/logo2.png\",\"width\":1000,\"height\":282,\"caption\":\"Nitsche Farben GmbH & Co. KG\"},\"image\":{\"@id\":\"https:\/\/www.nitsche-farben.de\/web\/#\/schema\/logo\/image\/\"}}]}<\/script>\n<!-- \/ Yoast SEO plugin. -->","yoast_head_json":{"title":"MWM Wandsysteme: HIGHTECH f\u00fcr Ihre Wand - Sanierung - Versch\u00f6nerung &ndash; Nitsche Farben","description":"Die Nitsche Farben GmbH ist ein Gro\u00dfhandelshaus f\u00fcr Farben, Lacke, Bodenbeschichtungen, Grundierungen, Spachtelmassen, Kleber, Bodenbel\u00e4ge und vieles mehr. Wie bieten Kataloge, Magazine und Downloads auf unserer Internetseite an. Informieren Sie sich \u00fcber unser Sortiment und Karriere-Chancen.","robots":{"index":"index","follow":"follow","max-snippet":"max-snippet:-1","max-image-preview":"max-image-preview:large","max-video-preview":"max-video-preview:-1"},"canonical":"https:\/\/www.nitsche-farben.de\/web\/mwm-wandsysteme-hightech-fuer-ihre-wand-sanierung-verschoenerung\/","og_locale":"de_DE","og_type":"article","og_title":"MWM Wandsysteme: HIGHTECH f\u00fcr Ihre Wand - Sanierung - Versch\u00f6nerung &ndash; Nitsche Farben","og_description":"Die Nitsche Farben GmbH ist ein Gro\u00dfhandelshaus f\u00fcr Farben, Lacke, Bodenbeschichtungen, Grundierungen, Spachtelmassen, Kleber, Bodenbel\u00e4ge und vieles mehr. Wie bieten Kataloge, Magazine und Downloads auf unserer Internetseite an. Informieren Sie sich \u00fcber unser Sortiment und Karriere-Chancen.","og_url":"https:\/\/www.nitsche-farben.de\/web\/mwm-wandsysteme-hightech-fuer-ihre-wand-sanierung-verschoenerung\/","og_site_name":"Nitsche Farben","article_modified_time":"2020-07-15T14:16:31+00:00","twitter_card":"summary_large_image","twitter_misc":{"Gesch\u00e4tzte Lesezeit":"3\u00a0Minuten"},"schema":{"@context":"https:\/\/schema.org","@graph":[{"@type":"WebPage","@id":"https:\/\/www.nitsche-farben.de\/web\/mwm-wandsysteme-hightech-fuer-ihre-wand-sanierung-verschoenerung\/","url":"https:\/\/www.nitsche-farben.de\/web\/mwm-wandsysteme-hightech-fuer-ihre-wand-sanierung-verschoenerung\/","name":"MWM Wandsysteme: HIGHTECH f\u00fcr Ihre Wand - Sanierung - Versch\u00f6nerung &ndash; Nitsche Farben","isPartOf":{"@id":"https:\/\/www.nitsche-farben.de\/web\/#website"},"datePublished":"2016-11-10T13:55:15+00:00","dateModified":"2020-07-15T14:16:31+00:00","description":"Die Nitsche Farben GmbH ist ein Gro\u00dfhandelshaus f\u00fcr Farben, Lacke, Bodenbeschichtungen, Grundierungen, Spachtelmassen, Kleber, Bodenbel\u00e4ge und vieles mehr. Wie bieten Kataloge, Magazine und Downloads auf unserer Internetseite an. Informieren Sie sich \u00fcber unser Sortiment und Karriere-Chancen.","breadcrumb":{"@id":"https:\/\/www.nitsche-farben.de\/web\/mwm-wandsysteme-hightech-fuer-ihre-wand-sanierung-verschoenerung\/#breadcrumb"},"inLanguage":"de","potentialAction":[{"@type":"ReadAction","target":["https:\/\/www.nitsche-farben.de\/web\/mwm-wandsysteme-hightech-fuer-ihre-wand-sanierung-verschoenerung\/"]}]},{"@type":"BreadcrumbList","@id":"https:\/\/www.nitsche-farben.de\/web\/mwm-wandsysteme-hightech-fuer-ihre-wand-sanierung-verschoenerung\/#breadcrumb","itemListElement":[{"@type":"ListItem","position":1,"name":"Home","item":"https:\/\/www.nitsche-farben.de\/web\/"},{"@type":"ListItem","position":2,"name":"MWM Wandsysteme: HIGHTECH f\u00fcr Ihre Wand &#8211; Sanierung &#8211; Versch\u00f6nerung"}]},{"@type":"WebSite","@id":"https:\/\/www.nitsche-farben.de\/web\/#website","url":"https:\/\/www.nitsche-farben.de\/web\/","name":"Nitsche Farben","description":"Herzlich willkommen","publisher":{"@id":"https:\/\/www.nitsche-farben.de\/web\/#organization"},"potentialAction":[{"@type":"SearchAction","target":{"@type":"EntryPoint","urlTemplate":"https:\/\/www.nitsche-farben.de\/web\/?s={search_term_string}"},"query-input":"required name=search_term_string"}],"inLanguage":"de"},{"@type":"Organization","@id":"https:\/\/www.nitsche-farben.de\/web\/#organization","name":"Nitsche Farben GmbH & Co. KG","url":"https:\/\/www.nitsche-farben.de\/web\/","logo":{"@type":"ImageObject","inLanguage":"de","@id":"https:\/\/www.nitsche-farben.de\/web\/#\/schema\/logo\/image\/","url":"https:\/\/www.nitsche-farben.de\/web\/wp-content\/uploads\/2015\/12\/logo2.png","contentUrl":"https:\/\/www.nitsche-farben.de\/web\/wp-content\/uploads\/2015\/12\/logo2.png","width":1000,"height":282,"caption":"Nitsche Farben GmbH & Co. KG"},"image":{"@id":"https:\/\/www.nitsche-farben.de\/web\/#\/schema\/logo\/image\/"}}]}},"_links":{"self":[{"href":"https:\/\/www.nitsche-farben.de\/web\/wp-json\/wp\/v2\/pages\/1469"}],"collection":[{"href":"https:\/\/www.nitsche-farben.de\/web\/wp-json\/wp\/v2\/pages"}],"about":[{"href":"https:\/\/www.nitsche-farben.de\/web\/wp-json\/wp\/v2\/types\/page"}],"author":[{"embeddable":true,"href":"https:\/\/www.nitsche-farben.de\/web\/wp-json\/wp\/v2\/users\/1"}],"replies":[{"embeddable":true,"href":"https:\/\/www.nitsche-farben.de\/web\/wp-json\/wp\/v2\/comments?post=1469"}],"version-history":[{"count":14,"href":"https:\/\/www.nitsche-farben.de\/web\/wp-json\/wp\/v2\/pages\/1469\/revisions"}],"predecessor-version":[{"id":1497,"href":"https:\/\/www.nitsche-farben.de\/web\/wp-json\/wp\/v2\/pages\/1469\/revisions\/1497"}],"wp:attachment":[{"href":"https:\/\/www.nitsche-farben.de\/web\/wp-json\/wp\/v2\/media?parent=1469"}],"curies":[{"name":"wp","href":"https:\/\/api.w.org\/{rel}","templated":true}]}}