{"id":1134,"date":"2016-02-17T18:11:58","date_gmt":"2016-02-17T17:11:58","guid":{"rendered":"http:\/\/www.nitsche-farben.de\/web\/?page_id=1134"},"modified":"2024-03-23T13:50:41","modified_gmt":"2024-03-23T12:50:41","slug":"home","status":"publish","type":"page","link":"https:\/\/www.nitsche-farben.de\/web\/","title":{"rendered":"Home"},"content":{"rendered":"<section class=\"wpb-content-wrapper\"><section class=\"no-margin  \" style=\"background-position: 50% 50%; \" ><div class=\"container-fluid\"><div class=\"section-overlay\" style=\"background-color: rgba( 0, 0, 0,  );  background-image: url(  );\"><\/div><div class=\"row\" style=\"\">[vc_column width=&#8220;3\/4&#8243;][vc_posts_slider count=&#8220;1&#8243; interval=&#8220;0&#8243; slides_content=&#8220;teaser&#8220; slides_title=&#8220;1&#8243; thumb_size=&#8220;full&#8220; posttypes=&#8220;post&#8220; categories=&#8220;top-startseite&#8220;][vc_row_inner css=&#8220;.vc_custom_1605853562297{margin-top: 25px !important;}&#8220;][vc_column_inner width=&#8220;1\/4&#8243;]<a href=\"https:\/\/www.nitsche-farben.de\/web\/unternehmen\/\" class=\"banner-box\">\n\t\t\t<img width=\"800\" height=\"426\" src=\"https:\/\/www.nitsche-farben.de\/web\/wp-content\/uploads\/2015\/12\/banner-unternehmen-dummy.jpg\" class=\"attachment-full size-full\" alt=\"\" decoding=\"async\" loading=\"lazy\" srcset=\"https:\/\/www.nitsche-farben.de\/web\/wp-content\/uploads\/2015\/12\/banner-unternehmen-dummy.jpg 800w, https:\/\/www.nitsche-farben.de\/web\/wp-content\/uploads\/2015\/12\/banner-unternehmen-dummy-300x160.jpg 300w, https:\/\/www.nitsche-farben.de\/web\/wp-content\/uploads\/2015\/12\/banner-unternehmen-dummy-768x409.jpg 768w, https:\/\/www.nitsche-farben.de\/web\/wp-content\/uploads\/2015\/12\/banner-unternehmen-dummy-500x266.jpg 500w\" sizes=\"(max-width: 800px) 100vw, 800px\" \/>\n\t\t<\/a><script>jQuery(document).ready( function($){ $(\"head\").append( ' \t\t<style> \t\t\t.title.BjCPvEIjUT h3, \t\t\t.title.BjCPvEIjUT h5{ \t\t\t\t \t\t\t} \t\t\t.title.BjCPvEIjUT p{ \t\t\t\t \t\t\t} \t\t<\/style> \t' ); });<\/script>\n\t\t<div class=\"title  BjCPvEIjUT\">\n\t\t\t<h5>Unternehmen<\/h5>\n\t\t\t<p>Unser Werdegang.<\/p>\n\t\t<\/div>[\/vc_column_inner][vc_column_inner width=&#8220;1\/4&#8243;]<a href=\"https:\/\/www.nitsche-farben.de\/web\/kataloge-magazine\/\" class=\"banner-box\">\n\t\t\t<img width=\"800\" height=\"426\" src=\"https:\/\/www.nitsche-farben.de\/web\/wp-content\/uploads\/2016\/02\/banner-produkte2.jpg\" class=\"attachment-full size-full\" alt=\"\" decoding=\"async\" loading=\"lazy\" srcset=\"https:\/\/www.nitsche-farben.de\/web\/wp-content\/uploads\/2016\/02\/banner-produkte2.jpg 800w, https:\/\/www.nitsche-farben.de\/web\/wp-content\/uploads\/2016\/02\/banner-produkte2-300x160.jpg 300w, https:\/\/www.nitsche-farben.de\/web\/wp-content\/uploads\/2016\/02\/banner-produkte2-768x409.jpg 768w, https:\/\/www.nitsche-farben.de\/web\/wp-content\/uploads\/2016\/02\/banner-produkte2-500x266.jpg 500w\" sizes=\"(max-width: 800px) 100vw, 800px\" \/>\n\t\t<\/a><script>jQuery(document).ready( function($){ $(\"head\").append( ' \t\t<style> \t\t\t.title.gMDdpLEEqm h3, \t\t\t.title.gMDdpLEEqm h5{ \t\t\t\t \t\t\t} \t\t\t.title.gMDdpLEEqm p{ \t\t\t\t \t\t\t} \t\t<\/style> \t' ); });<\/script>\n\t\t<div class=\"title  gMDdpLEEqm\">\n\t\t\t<h5>Kataloge &amp; Magazine<\/h5>\n\t\t\t<p>Unsere Produktpalette.<\/p>\n\t\t<\/div>[\/vc_column_inner][vc_column_inner width=&#8220;1\/4&#8243;]<a href=\"https:\/\/www.nitsche-farben.de\/web\/karriere\/\" class=\"banner-box\">\n\t\t\t<img width=\"800\" height=\"426\" src=\"https:\/\/www.nitsche-farben.de\/web\/wp-content\/uploads\/2016\/02\/banner-karriere.jpg\" class=\"attachment-full size-full\" alt=\"\" decoding=\"async\" loading=\"lazy\" srcset=\"https:\/\/www.nitsche-farben.de\/web\/wp-content\/uploads\/2016\/02\/banner-karriere.jpg 800w, https:\/\/www.nitsche-farben.de\/web\/wp-content\/uploads\/2016\/02\/banner-karriere-300x160.jpg 300w, https:\/\/www.nitsche-farben.de\/web\/wp-content\/uploads\/2016\/02\/banner-karriere-768x409.jpg 768w, https:\/\/www.nitsche-farben.de\/web\/wp-content\/uploads\/2016\/02\/banner-karriere-500x266.jpg 500w\" sizes=\"(max-width: 800px) 100vw, 800px\" \/>\n\t\t<\/a><script>jQuery(document).ready( function($){ $(\"head\").append( ' \t\t<style> \t\t\t.title.kMJxYOjhHe h3, \t\t\t.title.kMJxYOjhHe h5{ \t\t\t\t \t\t\t} \t\t\t.title.kMJxYOjhHe p{ \t\t\t\t \t\t\t} \t\t<\/style> \t' ); });<\/script>\n\t\t<div class=\"title  kMJxYOjhHe\">\n\t\t\t<h5>Karriere<\/h5>\n\t\t\t<p>Ihre Chance.<\/p>\n\t\t<\/div>[\/vc_column_inner][vc_column_inner width=&#8220;1\/4&#8243;]<a href=\"https:\/\/www.nitsche-farben.de\/web\/kontakt\/\" class=\"banner-box\">\n\t\t\t<img width=\"800\" height=\"426\" src=\"https:\/\/www.nitsche-farben.de\/web\/wp-content\/uploads\/2016\/02\/banner-kontakt.jpg\" class=\"attachment-full size-full\" alt=\"\" decoding=\"async\" loading=\"lazy\" srcset=\"https:\/\/www.nitsche-farben.de\/web\/wp-content\/uploads\/2016\/02\/banner-kontakt.jpg 800w, https:\/\/www.nitsche-farben.de\/web\/wp-content\/uploads\/2016\/02\/banner-kontakt-300x160.jpg 300w, https:\/\/www.nitsche-farben.de\/web\/wp-content\/uploads\/2016\/02\/banner-kontakt-768x409.jpg 768w, https:\/\/www.nitsche-farben.de\/web\/wp-content\/uploads\/2016\/02\/banner-kontakt-500x266.jpg 500w\" sizes=\"(max-width: 800px) 100vw, 800px\" \/>\n\t\t<\/a><script>jQuery(document).ready( function($){ $(\"head\").append( ' \t\t<style> \t\t\t.title.vXXryyojzD h3, \t\t\t.title.vXXryyojzD h5{ \t\t\t\t \t\t\t} \t\t\t.title.vXXryyojzD p{ \t\t\t\t \t\t\t} \t\t<\/style> \t' ); });<\/script>\n\t\t<div class=\"title  vXXryyojzD\">\n\t\t\t<h5>Kontakt<\/h5>\n\t\t\t<p>Ihre Ansprechpartner.<\/p>\n\t\t<\/div>[\/vc_column_inner][\/vc_row_inner][vc_row_inner css=&#8220;.vc_custom_1605853669998{margin-top: 25px !important;}&#8220;][vc_column_inner]<script>jQuery(document).ready( function($){ $(\"head\").append( ' \t\t<style> \t\t\t.title.ecAelgYtfl h3, \t\t\t.title.ecAelgYtfl h5{ \t\t\t\t \t\t\t} \t\t\t.title.ecAelgYtfl p{ \t\t\t\t \t\t\t} \t\t<\/style> \t' ); });<\/script>\n\t\t<div class=\"title  ecAelgYtfl\">\n\t\t\t<h5>Unsere Partner<\/h5>\n\t\t\t\n\t\t<\/div>[vc_images_carousel images=&#8220;1347,1346,1345,1665,1342,2809,1341,1340,1339,1335,1334,1333,1332,1331,1330,1343,1336,1337,1338,1630,2172,2492&#8243; img_size=&#8220;full&#8220; onclick=&#8220;custom_link&#8220; custom_links_target=&#8220;_blank&#8220; speed=&#8220;2500&#8243; slides_per_view=&#8220;6&#8243; autoplay=&#8220;yes&#8220; hide_pagination_control=&#8220;yes&#8220; hide_prev_next_buttons=&#8220;yes&#8220; wrap=&#8220;yes&#8220; custom_links=&#8220;#E-8_aHR0cCUzQSUyRiUyRnd3dy56ZXJvLWxhY2suZGUlMkYlMkNodHRwJTNBJTJGJTJGd3d3LndpdHRlLWJlY2t1bS5kZSUyRiUyQ2h0dHAlM0ElMkYlMkZ3d3cudGFwb2ZpeC5kZSUyRiUyQ2h0dHAlM0ElMkYlMkZ3d3cuc3RvcmNoLmRlJTJGJTJDaHR0cCUzQSUyRiUyRnd3dy5wYWphcml0by5kZSUyRiUyQ2h0dHBzJTNBJTJGJTJGd3d3LmphbnNlbi5kZSUyRiUyQ2h0dHAlM0ElMkYlMkZ3d3cub2JqZWN0Zmxvci5kZSUyRiUyQ2h0dHAlM0ElMkYlMkZ3d3cubm1jLWRldXRzY2hsYW5kLmRlJTJGJTJDaHR0cCUzQSUyRiUyRnd3dy5taHouZGUlMkYlMkNodHRwJTNBJTJGJTJGd3d3LmlsbGVyLWxlaXRlci5kZSUyRiUyQ2h0dHBzJTNBJTJGJTJGd3d3LmZlc3Rvb2wuZGUlMkYlMkNodHRwJTNBJTJGJTJGd3d3LmV1cm9saW5lLWxlaXRlcm4uZGUlMkYlMkNodHRwcyUzQSUyRiUyRnd3dy5laW56YS5jb20lMkYlMkNodHRwJTNBJTJGJTJGd3d3LmJla28tZ3JvdXAuZGUlMkYlMkNodHRwJTNBJTJGJTJGd3d3LmF1ZXItbWV0YWxscHJvZmlsZS5kZSUyRiUyQ2h0dHAlM0ElMkYlMkZ3d3cucGNpLWF1Z3NidXJnLmV1JTJGJTJDaHR0cHMlM0ElMkYlMkZ3d3cua2FlcmNoZXIuY29tJTJGJTJDaHR0cCUzQSUyRiUyRnd3dy5tYWtpdGEuZGUlMkYlMkNodHRwJTNBJTJGJTJGd3d3Lm1laXN0ZXIuY29tJTJGJTJDaHR0cHMlM0ElMkYlMkZ3d3cua2VpbS5jb20lMkYlMkNodHRwcyUzQSUyRiUyRnd3dy5kb2VsbGtlbi13ZWltYXIuZGUlMkYlMkNodHRwcyUzQSUyRiUyRnd3dy5ob2J1cy1wcm9maWxlLmNvbSUyRg==&#8220;][\/vc_column_inner][\/vc_row_inner][\/vc_column][vc_column width=&#8220;1\/4&#8243;]<div class=\"row\">\n\t\t\t\t<div class=\"col-md-12\">\n\t\t\t\t\t<div class=\"products-list-title\">\n\t\t\t\t\t\t<h5>NITSCHE NEWS<\/h5>\n\t\t\t\t\t<\/div>\n\t\t\t\t\t<div class=\"woocommerce products-list single-products-list\" data-visible=\"1\">\n\t\t\t\t\t\t\n\t\t\t\t<div class=\"white-block blog-item blog-element\">\n\n\t\t\t\t\t<div class=\"blog-media\">\n\t\t\t\t\t\t\t<div class=\"embed-responsive embed-responsive-16by9\"><img width=\"848\" height=\"477\" src=\"https:\/\/www.nitsche-farben.de\/web\/wp-content\/uploads\/2026\/03\/Foto-Tisca-Kollektion-1-848x477.jpg\" class=\"embed-responsive-item wp-post-image\" alt=\"\" decoding=\"async\" loading=\"lazy\" srcset=\"https:\/\/www.nitsche-farben.de\/web\/wp-content\/uploads\/2026\/03\/Foto-Tisca-Kollektion-1-848x477.jpg 848w, https:\/\/www.nitsche-farben.de\/web\/wp-content\/uploads\/2026\/03\/Foto-Tisca-Kollektion-1-500x280.jpg 500w\" sizes=\"(max-width: 848px) 100vw, 848px\" \/><\/div><\/div>\n\t\t\t\t\t<div class=\"time animation\">\n\t\t\t\t\t\t\t<div class=\"day\">13<\/div>\n\t\t\t\t\t\t\t<div class=\"month\">Apr.<\/div>\n\t\t\t\t\t\t <\/div>\n\n\t\t\t\t\t<div class=\"content-padding\">\n\t\t\t\t\t\t<div class=\"post-meta\">\n\t\t\t\t\t\t\t<a href=\"https:\/\/www.nitsche-farben.de\/web\/category\/allgemein\/\">News<\/a> <a href=\"https:\/\/www.nitsche-farben.de\/web\/category\/top-startseite\/\">Top-Startseite<\/a> \n\t\t\t\t\t\t<\/div>\t\t\n\t\t\t\t\t\t\t\t\t\n\t\t\t\t\t\t<a href=\"https:\/\/www.nitsche-farben.de\/web\/2026\/04\/13\/beachten-sie-unsere-neuen-teppichkarten-von-tisca\/\" class=\"blog-title\">\n\t\t\t\t\t\t\t<h5 class=\"no-top-margin animation\">Beachten Sie unsere neuen Teppichkarten von TISCA<\/h5>\n\t\t\t\t\t\t<\/a>\n\t\t\t\t\t\t\n\t\t\t\t\t\t<p>Drei verschiedene Kollektionen: &nbsp; Wohnen in seiner sch\u00f6nsten Form Die Kollektion f\u00fcr alle Woh...<\/p>\n\n\t\t\t\t\t<\/div>\n\n\t\t\t\t<\/div>\n\t\t\t\n\t\t\t\t<div class=\"white-block blog-item blog-element\">\n\n\t\t\t\t\t<div class=\"blog-media\">\n\t\t\t\t\t\t\t<div class=\"embed-responsive embed-responsive-16by9\"><img width=\"546\" height=\"446\" src=\"https:\/\/www.nitsche-farben.de\/web\/wp-content\/uploads\/2026\/04\/Titelbild-Trendvlies-2028.png\" class=\"embed-responsive-item wp-post-image\" alt=\"\" decoding=\"async\" loading=\"lazy\" srcset=\"https:\/\/www.nitsche-farben.de\/web\/wp-content\/uploads\/2026\/04\/Titelbild-Trendvlies-2028.png 546w, https:\/\/www.nitsche-farben.de\/web\/wp-content\/uploads\/2026\/04\/Titelbild-Trendvlies-2028-300x245.png 300w, https:\/\/www.nitsche-farben.de\/web\/wp-content\/uploads\/2026\/04\/Titelbild-Trendvlies-2028-500x408.png 500w\" sizes=\"(max-width: 546px) 100vw, 546px\" \/><\/div><\/div>\n\t\t\t\t\t<div class=\"time animation\">\n\t\t\t\t\t\t\t<div class=\"day\">13<\/div>\n\t\t\t\t\t\t\t<div class=\"month\">Apr.<\/div>\n\t\t\t\t\t\t <\/div>\n\n\t\t\t\t\t<div class=\"content-padding\">\n\t\t\t\t\t\t<div class=\"post-meta\">\n\t\t\t\t\t\t\t<a href=\"https:\/\/www.nitsche-farben.de\/web\/category\/allgemein\/\">News<\/a> <a href=\"https:\/\/www.nitsche-farben.de\/web\/category\/top-startseite\/\">Top-Startseite<\/a> \n\t\t\t\t\t\t<\/div>\t\t\n\t\t\t\t\t\t\t\t\t\n\t\t\t\t\t\t<a href=\"https:\/\/www.nitsche-farben.de\/web\/2026\/04\/13\/beachten-sie-unsere-tapetenkarte-setta-trendvlies-2028\/\" class=\"blog-title\">\n\t\t\t\t\t\t\t<h5 class=\"no-top-margin animation\">Beachten Sie unsere Tapetenkarte: Setta Trendvlies 2028<\/h5>\n\t\t\t\t\t\t<\/a>\n\t\t\t\t\t\t\n\t\t\t\t\t\t<p>Unsere neue Tapetenkarte &#8222;Setta Trendvlies 2028&#8220; Hier auch als E-Kollektion &nbsp; &nbsp...<\/p>\n\n\t\t\t\t\t<\/div>\n\n\t\t\t\t<\/div>\n\t\t\t\n\t\t\t\t<div class=\"white-block blog-item blog-element\">\n\n\t\t\t\t\t<div class=\"blog-media\">\n\t\t\t\t\t\t\t<div class=\"embed-responsive embed-responsive-16by9\"><img width=\"769\" height=\"444\" src=\"https:\/\/www.nitsche-farben.de\/web\/wp-content\/uploads\/2026\/03\/Titelbild-Condor-Produkte.png\" class=\"embed-responsive-item wp-post-image\" alt=\"\" decoding=\"async\" loading=\"lazy\" srcset=\"https:\/\/www.nitsche-farben.de\/web\/wp-content\/uploads\/2026\/03\/Titelbild-Condor-Produkte.png 769w, https:\/\/www.nitsche-farben.de\/web\/wp-content\/uploads\/2026\/03\/Titelbild-Condor-Produkte-300x173.png 300w, https:\/\/www.nitsche-farben.de\/web\/wp-content\/uploads\/2026\/03\/Titelbild-Condor-Produkte-500x289.png 500w, https:\/\/www.nitsche-farben.de\/web\/wp-content\/uploads\/2026\/03\/Titelbild-Condor-Produkte-600x346.png 600w\" sizes=\"(max-width: 769px) 100vw, 769px\" \/><\/div><\/div>\n\t\t\t\t\t<div class=\"time animation\">\n\t\t\t\t\t\t\t<div class=\"day\">27<\/div>\n\t\t\t\t\t\t\t<div class=\"month\">M\u00e4rz<\/div>\n\t\t\t\t\t\t <\/div>\n\n\t\t\t\t\t<div class=\"content-padding\">\n\t\t\t\t\t\t<div class=\"post-meta\">\n\t\t\t\t\t\t\t<a href=\"https:\/\/www.nitsche-farben.de\/web\/category\/allgemein\/\">News<\/a> <a href=\"https:\/\/www.nitsche-farben.de\/web\/category\/top-startseite\/\">Top-Startseite<\/a> \n\t\t\t\t\t\t<\/div>\t\t\n\t\t\t\t\t\t\t\t\t\n\t\t\t\t\t\t<a href=\"https:\/\/www.nitsche-farben.de\/web\/2026\/03\/27\/neu-unsere-condor-produktpalette-auf-einen-blick\/\" class=\"blog-title\">\n\t\t\t\t\t\t\t<h5 class=\"no-top-margin animation\">Neu: Unsere Condor Produktpalette auf einen Blick<\/h5>\n\t\t\t\t\t\t<\/a>\n\t\t\t\t\t\t\n\t\t\t\t\t\t<p>Bl\u00e4ttern Sie gerne durch unsere neue Condor Produktpalette: Condor Produktpalette &nbsp; &nbsp;<\/p>\n\n\t\t\t\t\t<\/div>\n\n\t\t\t\t<\/div>\n\t\t\t\n\t\t\t\t<div class=\"white-block blog-item blog-element\">\n\n\t\t\t\t\t\n\t\t\t\t\t\n\n\t\t\t\t\t<div class=\"content-padding\">\n\t\t\t\t\t\t<div class=\"post-meta\">\n\t\t\t\t\t\t\t<a href=\"https:\/\/www.nitsche-farben.de\/web\/category\/allgemein\/\">News<\/a> \n\t\t\t\t\t\t<\/div>\t\t\n\t\t\t\t\t\t\t\t\t\n\t\t\t\t\t\t<a href=\"https:\/\/www.nitsche-farben.de\/web\/2026\/02\/16\/duales-studium-bei-nitsche-farben\/\" class=\"blog-title\">\n\t\t\t\t\t\t\t<h5 class=\"no-top-margin animation\">Duales Studium bei Nitsche Farben!<\/h5>\n\t\t\t\t\t\t<\/a>\n\t\t\t\t\t\t\n\t\t\t\t\t\t<p>Du m\u00f6chtest Theorie und Praxis optimal verbinden? &#8211; Bei uns kannst du jetzt dual studieren\u00a0i...<\/p>\n\n\t\t\t\t\t<\/div>\n\n\t\t\t\t<\/div>\n\t\t\t\n\t\t\t\t<div class=\"white-block blog-item blog-element\">\n\n\t\t\t\t\t<div class=\"blog-media\">\n\t\t\t\t\t\t\t<div class=\"embed-responsive embed-responsive-16by9\"><img width=\"729\" height=\"462\" src=\"https:\/\/www.nitsche-farben.de\/web\/wp-content\/uploads\/2025\/09\/Stellenanzeige-Azubi-Nitsche-Titelbild.png\" class=\"embed-responsive-item wp-post-image\" alt=\"\" decoding=\"async\" loading=\"lazy\" srcset=\"https:\/\/www.nitsche-farben.de\/web\/wp-content\/uploads\/2025\/09\/Stellenanzeige-Azubi-Nitsche-Titelbild.png 729w, https:\/\/www.nitsche-farben.de\/web\/wp-content\/uploads\/2025\/09\/Stellenanzeige-Azubi-Nitsche-Titelbild-300x190.png 300w, https:\/\/www.nitsche-farben.de\/web\/wp-content\/uploads\/2025\/09\/Stellenanzeige-Azubi-Nitsche-Titelbild-500x317.png 500w, https:\/\/www.nitsche-farben.de\/web\/wp-content\/uploads\/2025\/09\/Stellenanzeige-Azubi-Nitsche-Titelbild-600x380.png 600w\" sizes=\"(max-width: 729px) 100vw, 729px\" \/><\/div><\/div>\n\t\t\t\t\t<div class=\"time animation\">\n\t\t\t\t\t\t\t<div class=\"day\">24<\/div>\n\t\t\t\t\t\t\t<div class=\"month\">Apr.<\/div>\n\t\t\t\t\t\t <\/div>\n\n\t\t\t\t\t<div class=\"content-padding\">\n\t\t\t\t\t\t<div class=\"post-meta\">\n\t\t\t\t\t\t\t<a href=\"https:\/\/www.nitsche-farben.de\/web\/category\/allgemein\/\">News<\/a> <a href=\"https:\/\/www.nitsche-farben.de\/web\/category\/top-startseite\/\">Top-Startseite<\/a> \n\t\t\t\t\t\t<\/div>\t\t\n\t\t\t\t\t\t\t\t\t\n\t\t\t\t\t\t<a href=\"https:\/\/www.nitsche-farben.de\/web\/2025\/04\/24\/azubi-gesucht\/\" class=\"blog-title\">\n\t\t\t\t\t\t\t<h5 class=\"no-top-margin animation\">Azubi gesucht!<\/h5>\n\t\t\t\t\t\t<\/a>\n\t\t\t\t\t\t\n\t\t\t\t\t\t<p>Du suchst noch einen Ausbildungsplatz? &#8211; Bewirb dich bei uns! Kaufmann\/-frau im Gro\u00df- und Au?...<\/p>\n\n\t\t\t\t\t<\/div>\n\n\t\t\t\t<\/div>\n\t\t\t\n\t\t\t\t\t<\/div>\n\t\t\t\t<\/div>\n\t\t\t<\/div>[vc_widget_sidebar sidebar_id=&#8220;cs-2&#8243;][\/vc_column]<\/div><\/div><\/section>\n<\/section>","protected":false},"excerpt":{"rendered":"Du suchst noch einen Ausbildungsplatz? - Bewirb dich bei uns! Kaufmann\/-frau im Gro\u00df- und Au\u00dfenhandels- management (Fachrichtung Gro\u00dfhandel) (m\/w\/d) oder Fachkraft f\u00fcr Lagerlogistik (m\/w\/d) Dich erwartet: Wir sind ein familiengef\u00fchrtes Gro\u00dfhandelsunternehmen mit Sitz in Balve (NRW) und weiteren Niederlassungen in Cottbus (Brandenburg) und Demitz-Thumitz (Sachsen). Du arbeitest vom ersten Tag an im Team und \u00fcbernimmst [...]","protected":false},"author":1,"featured_media":0,"parent":0,"menu_order":0,"comment_status":"closed","ping_status":"closed","template":"page-tpl_full_width.php","meta":[],"yoast_head":"<!-- This site is optimized with the Yoast SEO plugin v19.14 - https:\/\/yoast.com\/wordpress\/plugins\/seo\/ -->\n<title>Home &ndash; Nitsche Farben<\/title>\n<meta name=\"description\" content=\"Die Nitsche Farben GmbH ist ein Gro\u00dfhandelshaus f\u00fcr Farben, Lacke, Bodenbeschichtungen, Grundierungen, Spachtelmassen, Kleber, Bodenbel\u00e4ge und vieles mehr. Wie bieten Kataloge, Magazine und Downloads auf unserer Internetseite an. Informieren Sie sich \u00fcber unser Sortiment und Karriere-Chancen.\" \/>\n<meta name=\"robots\" content=\"index, follow, max-snippet:-1, max-image-preview:large, max-video-preview:-1\" \/>\n<link rel=\"canonical\" href=\"https:\/\/www.nitsche-farben.de\/web\/\" \/>\n<meta property=\"og:locale\" content=\"de_DE\" \/>\n<meta property=\"og:type\" content=\"article\" \/>\n<meta property=\"og:title\" content=\"Home &ndash; Nitsche Farben\" \/>\n<meta property=\"og:description\" content=\"Die Nitsche Farben GmbH ist ein Gro\u00dfhandelshaus f\u00fcr Farben, Lacke, Bodenbeschichtungen, Grundierungen, Spachtelmassen, Kleber, Bodenbel\u00e4ge und vieles mehr. Wie bieten Kataloge, Magazine und Downloads auf unserer Internetseite an. Informieren Sie sich \u00fcber unser Sortiment und Karriere-Chancen.\" \/>\n<meta property=\"og:url\" content=\"https:\/\/www.nitsche-farben.de\/web\/\" \/>\n<meta property=\"og:site_name\" content=\"Nitsche Farben\" \/>\n<meta property=\"article:modified_time\" content=\"2024-03-23T12:50:41+00:00\" \/>\n<meta name=\"twitter:card\" content=\"summary_large_image\" \/>\n<meta name=\"twitter:label1\" content=\"Gesch\u00e4tzte Lesezeit\" \/>\n\t<meta name=\"twitter:data1\" content=\"1\u00a0Minute\" \/>\n<script type=\"application\/ld+json\" class=\"yoast-schema-graph\">{\"@context\":\"https:\/\/schema.org\",\"@graph\":[{\"@type\":\"WebPage\",\"@id\":\"https:\/\/www.nitsche-farben.de\/web\/\",\"url\":\"https:\/\/www.nitsche-farben.de\/web\/\",\"name\":\"Home &ndash; Nitsche Farben\",\"isPartOf\":{\"@id\":\"https:\/\/www.nitsche-farben.de\/web\/#website\"},\"datePublished\":\"2016-02-17T17:11:58+00:00\",\"dateModified\":\"2024-03-23T12:50:41+00:00\",\"description\":\"Die Nitsche Farben GmbH ist ein Gro\u00dfhandelshaus f\u00fcr Farben, Lacke, Bodenbeschichtungen, Grundierungen, Spachtelmassen, Kleber, Bodenbel\u00e4ge und vieles mehr. Wie bieten Kataloge, Magazine und Downloads auf unserer Internetseite an. Informieren Sie sich \u00fcber unser Sortiment und Karriere-Chancen.\",\"breadcrumb\":{\"@id\":\"https:\/\/www.nitsche-farben.de\/web\/#breadcrumb\"},\"inLanguage\":\"de\",\"potentialAction\":[{\"@type\":\"ReadAction\",\"target\":[\"https:\/\/www.nitsche-farben.de\/web\/\"]}]},{\"@type\":\"BreadcrumbList\",\"@id\":\"https:\/\/www.nitsche-farben.de\/web\/#breadcrumb\",\"itemListElement\":[{\"@type\":\"ListItem\",\"position\":1,\"name\":\"Home\",\"item\":\"https:\/\/www.nitsche-farben.de\/web\/\"},{\"@type\":\"ListItem\",\"position\":2,\"name\":\"Home\"}]},{\"@type\":\"WebSite\",\"@id\":\"https:\/\/www.nitsche-farben.de\/web\/#website\",\"url\":\"https:\/\/www.nitsche-farben.de\/web\/\",\"name\":\"Nitsche Farben\",\"description\":\"Herzlich willkommen\",\"publisher\":{\"@id\":\"https:\/\/www.nitsche-farben.de\/web\/#organization\"},\"potentialAction\":[{\"@type\":\"SearchAction\",\"target\":{\"@type\":\"EntryPoint\",\"urlTemplate\":\"https:\/\/www.nitsche-farben.de\/web\/?s={search_term_string}\"},\"query-input\":\"required name=search_term_string\"}],\"inLanguage\":\"de\"},{\"@type\":\"Organization\",\"@id\":\"https:\/\/www.nitsche-farben.de\/web\/#organization\",\"name\":\"Nitsche Farben GmbH & Co. KG\",\"url\":\"https:\/\/www.nitsche-farben.de\/web\/\",\"logo\":{\"@type\":\"ImageObject\",\"inLanguage\":\"de\",\"@id\":\"https:\/\/www.nitsche-farben.de\/web\/#\/schema\/logo\/image\/\",\"url\":\"https:\/\/www.nitsche-farben.de\/web\/wp-content\/uploads\/2015\/12\/logo2.png\",\"contentUrl\":\"https:\/\/www.nitsche-farben.de\/web\/wp-content\/uploads\/2015\/12\/logo2.png\",\"width\":1000,\"height\":282,\"caption\":\"Nitsche Farben GmbH & Co. KG\"},\"image\":{\"@id\":\"https:\/\/www.nitsche-farben.de\/web\/#\/schema\/logo\/image\/\"}}]}<\/script>\n<!-- \/ Yoast SEO plugin. -->","yoast_head_json":{"title":"Home &ndash; Nitsche Farben","description":"Die Nitsche Farben GmbH ist ein Gro\u00dfhandelshaus f\u00fcr Farben, Lacke, Bodenbeschichtungen, Grundierungen, Spachtelmassen, Kleber, Bodenbel\u00e4ge und vieles mehr. Wie bieten Kataloge, Magazine und Downloads auf unserer Internetseite an. Informieren Sie sich \u00fcber unser Sortiment und Karriere-Chancen.","robots":{"index":"index","follow":"follow","max-snippet":"max-snippet:-1","max-image-preview":"max-image-preview:large","max-video-preview":"max-video-preview:-1"},"canonical":"https:\/\/www.nitsche-farben.de\/web\/","og_locale":"de_DE","og_type":"article","og_title":"Home &ndash; Nitsche Farben","og_description":"Die Nitsche Farben GmbH ist ein Gro\u00dfhandelshaus f\u00fcr Farben, Lacke, Bodenbeschichtungen, Grundierungen, Spachtelmassen, Kleber, Bodenbel\u00e4ge und vieles mehr. Wie bieten Kataloge, Magazine und Downloads auf unserer Internetseite an. Informieren Sie sich \u00fcber unser Sortiment und Karriere-Chancen.","og_url":"https:\/\/www.nitsche-farben.de\/web\/","og_site_name":"Nitsche Farben","article_modified_time":"2024-03-23T12:50:41+00:00","twitter_card":"summary_large_image","twitter_misc":{"Gesch\u00e4tzte Lesezeit":"1\u00a0Minute"},"schema":{"@context":"https:\/\/schema.org","@graph":[{"@type":"WebPage","@id":"https:\/\/www.nitsche-farben.de\/web\/","url":"https:\/\/www.nitsche-farben.de\/web\/","name":"Home &ndash; Nitsche Farben","isPartOf":{"@id":"https:\/\/www.nitsche-farben.de\/web\/#website"},"datePublished":"2016-02-17T17:11:58+00:00","dateModified":"2024-03-23T12:50:41+00:00","description":"Die Nitsche Farben GmbH ist ein Gro\u00dfhandelshaus f\u00fcr Farben, Lacke, Bodenbeschichtungen, Grundierungen, Spachtelmassen, Kleber, Bodenbel\u00e4ge und vieles mehr. Wie bieten Kataloge, Magazine und Downloads auf unserer Internetseite an. Informieren Sie sich \u00fcber unser Sortiment und Karriere-Chancen.","breadcrumb":{"@id":"https:\/\/www.nitsche-farben.de\/web\/#breadcrumb"},"inLanguage":"de","potentialAction":[{"@type":"ReadAction","target":["https:\/\/www.nitsche-farben.de\/web\/"]}]},{"@type":"BreadcrumbList","@id":"https:\/\/www.nitsche-farben.de\/web\/#breadcrumb","itemListElement":[{"@type":"ListItem","position":1,"name":"Home","item":"https:\/\/www.nitsche-farben.de\/web\/"},{"@type":"ListItem","position":2,"name":"Home"}]},{"@type":"WebSite","@id":"https:\/\/www.nitsche-farben.de\/web\/#website","url":"https:\/\/www.nitsche-farben.de\/web\/","name":"Nitsche Farben","description":"Herzlich willkommen","publisher":{"@id":"https:\/\/www.nitsche-farben.de\/web\/#organization"},"potentialAction":[{"@type":"SearchAction","target":{"@type":"EntryPoint","urlTemplate":"https:\/\/www.nitsche-farben.de\/web\/?s={search_term_string}"},"query-input":"required name=search_term_string"}],"inLanguage":"de"},{"@type":"Organization","@id":"https:\/\/www.nitsche-farben.de\/web\/#organization","name":"Nitsche Farben GmbH & Co. KG","url":"https:\/\/www.nitsche-farben.de\/web\/","logo":{"@type":"ImageObject","inLanguage":"de","@id":"https:\/\/www.nitsche-farben.de\/web\/#\/schema\/logo\/image\/","url":"https:\/\/www.nitsche-farben.de\/web\/wp-content\/uploads\/2015\/12\/logo2.png","contentUrl":"https:\/\/www.nitsche-farben.de\/web\/wp-content\/uploads\/2015\/12\/logo2.png","width":1000,"height":282,"caption":"Nitsche Farben GmbH & Co. KG"},"image":{"@id":"https:\/\/www.nitsche-farben.de\/web\/#\/schema\/logo\/image\/"}}]}},"_links":{"self":[{"href":"https:\/\/www.nitsche-farben.de\/web\/wp-json\/wp\/v2\/pages\/1134"}],"collection":[{"href":"https:\/\/www.nitsche-farben.de\/web\/wp-json\/wp\/v2\/pages"}],"about":[{"href":"https:\/\/www.nitsche-farben.de\/web\/wp-json\/wp\/v2\/types\/page"}],"author":[{"embeddable":true,"href":"https:\/\/www.nitsche-farben.de\/web\/wp-json\/wp\/v2\/users\/1"}],"replies":[{"embeddable":true,"href":"https:\/\/www.nitsche-farben.de\/web\/wp-json\/wp\/v2\/comments?post=1134"}],"version-history":[{"count":55,"href":"https:\/\/www.nitsche-farben.de\/web\/wp-json\/wp\/v2\/pages\/1134\/revisions"}],"predecessor-version":[{"id":2812,"href":"https:\/\/www.nitsche-farben.de\/web\/wp-json\/wp\/v2\/pages\/1134\/revisions\/2812"}],"wp:attachment":[{"href":"https:\/\/www.nitsche-farben.de\/web\/wp-json\/wp\/v2\/media?parent=1134"}],"curies":[{"name":"wp","href":"https:\/\/api.w.org\/{rel}","templated":true}]}}